
8
Let o(k) = k**3 - 41*k**2 + 10*k - 793. What is o(40)?
-1993
Let y(t) = 5093*t + 15148. Give y(-3).
-131
Let h(m) = -2*m**2 + 751*m - 10910. Give h(15).
-95
Let s(b) = -38311*b - 842814. Give s(-22).
28
Let p(b) = -4*b**2 + 209*b - 891. Give p(52).
-839
Let d(z) = 2*z**3 - 17*z**2 + 51366*z - 462371. What is d(9)?
4
Let y(o) = -o**2 - 9900*o - 118861. Give y(-12).
-205
Let c(p) = p**2 - 1157*p + 33427. Calculate c(30).
-383
Let n(q) = 5*q**3 - 73*q**2 + 80*q - 24. Give n(12).
-936
Let r(y) = 13889*y + 166682. Give r(-12).
14
Let p(t) = t**3 + 81*t**2 - 1113*t - 70. Determine p(11).
-1181
Let u(k) = -6*k**3 - 7*k**2 - 69*k - 99. Determine u(0).
-99
Let t(h) = -4*h**2 - 34*h + 209. Calculate t(-15).
-181
Let t(i) = -324*i - 20296. Calculate t(-65).
764
Let f(a) = -a**3 - 106*a**2 + 67*a + 7101. Give f(-106).
-1
Let u(j) = j**3 - 29*j**2 - 162*j + 269. Give u(33).
-721
Let i(h) = 29*h**2 + 541*h - 4329. Calculate i(8).
1855
Let m(y) = 419*y - 91731. Give m(219).
30
Let k(o) = -52*o**3 - 640*o**2 - 187*o + 44. What is k(-12)?
-16
Let d(n) = 638*n + 6860. Determine d(-11).
-158
Let q(d) = 42154*d - 2487126. Calculate q(59).
-40
Let r(k) = -33*k**2 - 18*k - 13. What is r(-5)?
-748
Let y(k) = -9*k**3 + 10*k**2 + 1410*k - 70. What is y(-12)?
2
Let i(d) = -d**3 - 148*d**2 + 5848*d + 15941. Give i(-180).
101
Let l(t) = 377*t**3 - 74*t**2 + 53*t + 20. Determine l(1).
376
Let z(r) = -4*r**2 - 1567*r + 14861. Determine z(-401).
24
Let j(o) = -2685*o + 236564. Calculate j(88).
284
Let z(n) = -n**3 - 5*n**2 + 49*n - 281. What is z(-11)?
-94
Let q(j) = j**2 - 997*j + 165922. What is q(211)?
76
Let d(q) = 16*q**2 + 52405*q + 104813. What is d(-2)?
67
Let g(v) = 7636*v - 2222103. Determine g(291).
-27
Let y(p) = -p**3 - 20*p**2 + 1115*p - 2299. What is y(24)?
-883
Let w(v) = -134*v**2 + 44*v - 97. Calculate w(2).
-545
Let c(b) = 923*b - 191303. Determine c(207).
-242
Let n(c) = c**2 - 2244*c + 314131. Determine n(150).
31
Let s(t) = -39425*t + 78901. Calculate s(2).
51
Let n(m) = -126*m - 5282. Determine n(-42).
10
Let k(i) = -i**3 + 6*i**2 + 276*i + 373. Calculate k(-13).
-4
Let d(i) = -22769*i + 159916. Give d(7).
533
Let l(q) = -2*q**2 - 548*q - 26464. Determine l(-63).
122
Let z(l) = -245*l - 9891. Determine z(-39).
-336
Let d(f) = 5*f - 1426. Determine d(57).
-1141
Let s(i) = 68*i**2 - 8549*i - 1283. Give s(126).
1111
Let o(c) = -c**3 + 39*c**2 + 326*c + 475. Give o(46).
659
Let f(r) = 3*r**3 - 17*r**2 - 38*r + 4. Determine f(6).
-188
Let n(y) = -8468*y + 33632. What is n(4)?
-240
Let w(p) = -14*p**2 - 972*p + 975. Give w(1).
-11
Let v(n) = -9*n**3 + 195*n**2 + 4495*n + 12. Give v(-14).
-2
Let b(m) = m**3 - 80*m**2 - 82*m + 361. Give b(81).
280
Let i(g) = -g**3 - 64*g**2 - 570*g - 26. What is i(-10)?
274
Let k(x) = -x**2 + 37248*x + 2836518. What is k(-76)?
-106
Let s(r) = -3*r**2 - 134*r + 1085. Give s(-50).
285
Let j(r) = -728*r - 11047. Determine j(-16).
601
Let x(r) = -r**3 - 673*r**2 + 3651*r - 287202. Determine x(-679).
15
Let f(m) = -m**2 - 806*m - 14147. Calculate f(-18).
37
Let z(m) = -121*m**2 - 681*m - 768. Determine z(-4).
20
Let v(l) = -10*l**2 + 323*l - 6609. Calculate v(20).
-4149
Let x(y) = -y**3 + 84*y**2 - 655*y + 63. Calculate x(8).
-313
Let b(i) = 2*i**2 + 268*i + 8947. Give b(-64).
-13
Let u(o) = -4*o**3 - 35*o**2 + 64*o - 3. What is u(-12)?
1101
Let h(u) = -1924*u + 46248. What is h(24)?
72
Let p(h) = 398247*h + 1194739. What is p(-3)?
-2
Let b(d) = -20823*d - 145772. What is b(-7)?
-11
Let t(q) = 160*q**3 + 2*q**2 - 9*q + 7. What is t(2)?
1277
Let k(r) = -3*r**3 + 290*r**2 - 97*r - 9217. What is k(96)?
-97
Let d(q) = 615*q - 13409. Determine d(22).
121
Let t(a) = 771*a**2 + 313798*a + 396. Give t(-407).
-11
Let c(z) = z**3 + 52*z**2 - 266*z - 2156. What is c(-55)?
3399
Let p(i) = 2*i**2 - 5638*i - 511642. Calculate p(-88).
-10
Let a(n) = n**2 - 10257*n + 51266. Determine a(5).
6
Let s(i) = 41*i**2 - 1897*i + 4058. Calculate s(44).
-34
Let r(g) = g**3 + 5*g**2 - 2589*g - 22975. Calculate r(-9).
2
Let w(u) = -u**3 - 21*u**2 - 5686*u - 113352. Determine w(-20).
-32
Let y(n) = -52*n**2 + 1848*n - 7550. What is y(4)?
-990
Let j(o) = -29*o**3 + 214*o**2 - 244*o - 5. Calculate j(6).
-29
Let s(p) = 29*p**2 + 2536*p + 3617. Give s(-86).
5
Let i(g) = 55*g + 545. Give i(-10).
-5
Let c(k) = -14620401*k + 102342808. Give c(7).
1
Let n(w) = -34*w**3 + 11425*w**2 - 346*w + 3363. What is n(336)?
3
Let j(c) = 20*c**3 - 194*c**2 + 296*c - 186. Determine j(8).
6
Let a(s) = s**3 - 41*s**2 + 11440*s - 495602. Give a(43).
16
Let h(f) = 6*f**3 + 4252*f**2 - 1373*f + 31901. What is h(-709)?
-4
Let o(h) = 66*h**2 + 2900*h - 269. Calculate o(-44).
-93
Let f(k) = 16284*k - 16028. Determine f(1).
256
Let p(l) = l**3 + 116*l**2 + 246*l + 42507. What is p(-117)?
36
Let o(q) = 24*q**2 + 477*q + 1239. What is o(-17)?
66
Let q(f) = 2*f**2 + 871*f + 92745. Determine q(-250).
-5
Let x(j) = -3*j**3 + 65*j**2 + 154*j - 197. Calculate x(-3).
7
Let m(y) = -y**2 + 1488*y - 185094. Determine m(137).
-7
Let q(s) = -63*s**2 + 1950*s - 38. Determine q(31).
-131
Let h(l) = l**3 + 3*l**2 + l - 422. Determine h(0).
-422
Let f(k) = 7*k**3 + 566*k**2 + 9541*k + 1247. Calculate f(-57).
-7
Let w(q) = 110*q + 3668. Calculate w(-34).
-72
Let h(a) = -520*a - 8469. Give h(-16).
-149
Let m(l) = 957*l**2 - 3094*l + 657. Determine m(3).
-12
Let u(n) = 487342*n - 4386081. Determine u(9).
-3
Let v(j) = 440*j - 11694. Determine v(26).
-254
Let t(f) = f**3 + 18*f**2 + 128*f - 300. Determine t(-7).
-657
Let i(s) = -s**3 + 548*s**2 + 122*s - 66972. What is i(548)?
-116
Let r(n) = 30*n**2 + 820*n - 27. Calculate r(-27).
-297
Let d(v) = -171*v**2 - 59851*v - 359. Determine d(-350).
-9
Let y(g) = -722745*g - 2168228. Give y(-3).
7
Let m(a) = a**3 - 12*a**2 + 11*a - 65. Calculate m(9).
-209
Let f(p) = -8*p**3 + 55*p**2 + 422*p - 2876. What is f(7)?
29
Let u(p) = 17284*p + 69142. Determine u(-4).
6
Let t(s) = 27150*s + 217206. Calculate t(-8).
6
Let k(s) = 6*s**2 - 94*s + 88. Calculate k(8).
-280
Let u(y) = y**3 - 50*y**2 + 476*y - 822. What is u(38)?
-62
Let s(q) = 8*q - 544. Give s(45).
-184
Let o(u) = -171*u + 3582. Calculate o(18).
504
Let g(f) = -2*f**2 - 1467*f + 235530. Calculate g(-869).
31
Let t(o) = -4*o**3 + 549*o**2 - 147*o + 671. What is t(137)?
-699
Let m(t) = t**2 + 4330*t - 317138. Give m(72).
-194
Let q(f) = f**3 - 56*f**2 + 75*f + 1410. Determine q(53).
-3042
Let p(c) = 44*c**2 - 36*c + 65. Determine p(-4).
913
Let y(t) = -107603*t - 3550906. Determine y(-33).
-7
Let u(a) = -22797*a - 364862. Determine u(-16).
-110
Let x(q) = -2*q**2 + 353*q + 3150805. Determine x(-1170).
-5
Let m(d) = -9*d**3 - 71*d**2 - 17*d + 83. What is m(-6)?
-427
Let n(r) = -7956*r + 1002471. What is n(126)?
15
Let t(h) = -16*h**2 - 312*h + 21343. Determine t(28).
63
Let z(w) = -43908*w + 1097705. What is z(25)?
5
Let x(i) = 23408*i + 351124. Calculate x(-15).
4
Let z(k) = 12665*k - 1621116. What is z(128)?
4
Let j(q) = q**3 - 5*q**2 - 687*q + 6364. Determine j(10).
-6
Let k(d) = -109785*d + 16687317. Calculate k(152).
-3
Let g(a) = 135*a**2 - 10815*a + 61046. Give g(74).
-4
Let y(t) = -t**3 - 203*t**2 - 816*t - 4055. Determine y(-199).
-75
Let t(u) = 86018*u + 11440399. Give t(-133).
5
Let a(v) = -1849*v + 430795. What is a(233)?
-22
Let t(q) = 2344*q + 98425. Determine t(-42).
-23
Let w(t) = 5*t**2 + 1558*t + 24330. Give w(-295).
-155
Let h(t) = -5*t**2 + 427*t - 8743. Determine h(52).
-59
Let s(p) = p**3 - 30*p**2 - 168*p - 3302. Determine s(37).
65
Let i(q) = -18*q**2 - 926*q - 3747. Give i(-47).
13
Let i(g) = g**3 - 15*g**2 + 147*g - 864. Determine i(9).
-27
Let c(w) = 7*w**2 - 3712*w - 632702. What is c(666)?
-2
Let s(d) = -9*d**3 + 8*d**2 + 242*d - 515. Calculate s(4).
5
Let u(z) = -2*z**2 + 106*z + 178. Give u(28).
1578
Let r(t) = -83*t**3 + 2726*t**2 + 428*t + 27. What is r(33)?
-6
Let k(g) = 3*g**3 + 66*g**2 - 438*g + 655. Determine k(4).
151
Let k(d) = -26*d**2 + 78*d + 1810. Determine k(-14).
-4378
Let y(g) = -2413*g - 73709. Determine y(-31).
1094
Let t(z) = -4*z**2 + 234*z + 3334. Give t(-12).
-50
Let y(o) = 59*o**2 - 826*o + 202. What is y(16)?
2090
Let n(j) = 13*j**2 + 1647*j - 76934. Determine n(-163).
2
Let l(x) = -22660*x + 68035. Determine l(3).
55
Let y(o) = 39928*o + 79998. Calcula